, 3, 5, 103
List the prime factors of 28720.
2, 5, 359
What are the prime factors of 53522?
2, 7, 3823
List the prime factors of 31292.
2, 7823
List the prime factors of 65.
5, 13
List the prime factors of 11737.
11, 97
List the prime factors of 257.
257
What are the prime factors of 2206?
2, 1103
What are the prime factors of 12241?
12241
What are the prime factors of 4725?
3, 5, 7
List the prime factors of 21947.
17, 1291
What are the prime factors of 612?
2, 3, 17
List the prime factors of 4589.
13, 353
List the prime factors of 1297.
1297
What are the prime factors of 579?
3, 193
List the prime factors of 2607.
3, 11, 79
What are the prime factors of 7343?
7, 1049
What are the prime factors of 7204?
2, 1801
List the prime factors of 830.
2, 5, 83
List the prime factors of 7208.
2, 17, 53
What are the prime factors of 7282?
2, 11, 331
What are the prime factors of 1435?
5, 7, 41
List the prime factors of 20745.
3, 5, 461
List the prime factors of 15935.
5, 3187
What are the prime factors of 399?
3, 7, 19
What are the prime factors of 1065?
3, 5, 71
List the prime factors of 8034.
2, 3, 13, 103
List the prime factors of 1355.
5, 271
List the prime factors of 12358.
2, 37, 167
List the prime factors of 1567.
1567
What are the prime factors of 27536?
2, 1721
What are the prime factors of 2568?
2, 3, 107
List the prime factors of 263.
263
List the prime factors of 31092.
2, 3, 2591
What are the prime factors of 9939?
3, 3313
What are the prime factors of 51472?
2, 3217
What are the prime factors of 337?
337
List the prime factors of 68958.
2, 3, 1277
List the prime factors of 15471.
3, 191
List the prime factors of 13941.
3, 1549
What are the prime factors of 72196?
2, 18049
What are the prime factors of 9101?
19, 479
What are the prime factors of 1296?
2, 3
What are the prime factors of 14805?
3, 5, 7, 47
List the prime factors of 4021.
4021
List the prime factors of 3334.
2, 1667
List the prime factors of 4620.
2, 3, 5, 7, 11
What are the prime factors of 27338?
2, 13669
List the prime factors of 7749.
3, 7, 41
List the prime factors of 4039.
7, 577
What are the prime factors of 2956?
2, 739
List the prime factors of 6607.
6607
What are the prime factors of 44325?
3, 5, 197
List the prime factors of 4434.
2, 3, 739
What are the prime factors of 3594?
2, 3, 599
What are the prime factors of 64968?
2, 3, 2707
What are the prime factors of 109008?
2, 3, 757
What are the prime factors of 14075?
5, 563
List the prime factors of 1147.
31, 37
List the prime factors of 22353.
3, 7451
List the prime factors of 37679.
41, 919
List the prime factors of 11194.
2, 29, 193
What are the prime factors of 494?
2, 13, 19
List the prime factors of 3691.
3691
List the prime factors of 1987.
1987
What are the prime factors of 684?
2, 3, 19
List the prime factors of 45525.
3, 5, 607
List the prime factors of 9207.
3, 11, 31
List the prime factors of 84916.
2, 13, 23, 71
List the prime factors of 5985.
3, 5, 7, 19
List the prime factors of 59149.
59149
What are the prime factors of 15404?
2, 3851
What are the prime factors of 803?
11, 73
What are the prime factors of 665?
5, 7, 19
List the prime factors of 5434.
2, 11, 13, 19
What are the prime factors of 54342?
2, 3, 3019
List the prime factors of 940.
2, 5, 47
What are the prime factors of 2009?
7, 41
What are the prime factors of 1217?
1217
What are the prime factors of 178497?
3, 11, 601
What are the prime factors of 900?
2, 3, 5
What are the prime factors of 1448?
2, 181
What are the prime factors of 1029?
3, 7
List the prime factors of 61695.
3, 5, 457
What are the prime factors of 60?
2, 3, 5
What are the prime factors of 536?
2, 67
What are the prime factors of 17499?
3, 19, 307
What are the prime factors of 10734?
2, 3, 1789
List the prime factors of 17514.
2, 3, 7, 139
What are the prime factors of 9945?
3, 5, 13, 17
What are the prime factors of 5199?
3, 1733
List the prime factors of 3607.
3607
List the prime factors of 151960.
2, 5, 29, 131
What are the prime factors of 1068?
2, 3, 89
What are the prime factors of 84912?
2, 3, 29, 61
List the prime factors of 25451.
31, 821
List the prime factors of 678.
2, 3, 113
What are the prime factors of 3444?
2, 3, 7, 41
List the prime factors of 3887.
13, 23
List the prime factors of 122979.
3, 40993
List the prime factors of 116.
2, 29
List the prime factors of 2613.
3, 13, 67
List the prime factors of 749.
7, 107
What are the prime factors of 8150?
2, 5, 163
What are the prime factors of 14720?
2, 5, 23
What are the prime factors of 1518?
2, 3, 11, 23
List the prime factors of 4547.
4547
What are the prime factors of 3715?
5, 743
What are the prime factors of 694?
2, 347
List the prime factors of 161.
7, 23
What are the prime factors of 2963?
2963
List the prime factors of 17061.
3, 11, 47
List the prime factors of 806.
2, 13, 31
What are the prime factors of 463?
463
List the prime factors of 80109.
3, 23, 43
What are the prime factors of 976?
2, 61
What are the prime factors of 858?
2, 3, 11, 13
List the prime factors of 77387.
19, 4073
List the prime factors of 2943.
3, 109
List the prime factors of 45246.
2, 3, 7541
What are the prime factors of 8265?
3, 5, 19, 29
What are the prime factors of 47043?
3, 5227
List the prime factors of 40.
2, 5
List the prime factors of 1258.
2, 17, 37
What are the prime factors of 2452?
2, 613
List the prime factors of 12513.
3, 43, 97
What are the prime factors of 1824?
2, 3, 19
List the prime factors of 6862.
2, 47, 73
List the prime factors of 480.
2, 3, 5
List the prime factors of 2285.
5, 457
What are the prime factors of 149428?
2, 37357
List the prime factors of 5239.
13, 31
List the prime factors of 721.
7, 103
List the prime factors of 15267.
3, 7, 727
What are the prime factors of 3636?
2, 3, 101
List the prime factors of 129223.
129223
List the prime factors of 44458.
2, 22229
What are the prime factors of 2869?
19, 151
What are the prime factors of 855?
3, 5, 19
List the prime factors of 1402.
2, 701
List the prime factors of 102493.
17, 6029
List the prime factors of 3644.
2, 911
What are the prime factors of 12433?
12433
List the prime factors of 10795.
5, 17, 127
List the prime factors of 35374.
2, 23, 769
What are the prime factors of 1764?
2, 3, 7
What are the prime factors of 2232?
2, 3, 31
List the prime factors of 2128.
2, 7, 19
What are the prime factors of 838?
2, 419
What are the prime factors of 23228?
2, 5807
What are the prime factors of 3847?
3847
List the prime factors of 1092.
2, 3, 7, 13
List the prime factors of 6465.
3, 5, 431
List the prime factors of 8635.
5, 11, 157
List the prime factors of 983.
983
List the prime factors of 764.
2, 191
What are the prime factors of 32103?
3, 29, 41
List the prime factors of 8487.
3, 23, 41
What are the prime factors of 413?
7, 59
What are the prime factors of 7140?
2, 3, 5, 7, 17
List the prime factors of 1987.
1987
What are the prime factors of 18127?
18127
List the prime factors of 7717.
7717
List the prime factors of 5265.
3, 5, 13
What are the prime factors of 2578?
2, 1289
List the prime factors of 76790.
2, 5, 7, 1097
List the prime factors of 73045.
5, 7, 2087
List the prime factors of 136745.
5, 7, 3907
What are the prime factors of 413?
7, 59
What are the prime factors of 40342?
2, 23, 877
List the prime factors of 15184.
2, 13, 73
What are the prime factors of 2332?
2, 11, 53
What are the prime factors of 1696?
2, 53
List the prime factors of 14519.
14519
List the prime factors of 77761.
77761
List the prime factors of 2491.
47, 53
What are the prime factors of 1619?
1619
What are the prime factors of 1932?
2, 3, 7, 23
What are the prime factors of 12569?
12569
List the prime factors of 384.
2, 3
List the prime factors of 18940.
2, 5, 947
List the prime factors of 5408.
2, 13
What are the prime factors of 32226?
2, 3, 41, 131
List the prime factors of 1388.
2, 347
List the prime factors of 4213.
11, 383
List the prime factors of 1226.
2, 613
List the prime factors of 191874.
2, 3, 113, 283
What are the prime factors of 4798?
2, 2399
List the prime factors of 1213.
1213
What are the prime factors of 1217?
1217
What are the prime factors of 10?
2, 5
What are the prime factors of 4980?
2, 3, 5, 83
List the prime factors of 3051.
3, 113
List 